{"id":57,"date":"2020-05-29T16:19:29","date_gmt":"2020-05-29T14:19:29","guid":{"rendered":"https:\/\/192.168.1.14\/?page_id=57"},"modified":"2024-04-10T12:02:25","modified_gmt":"2024-04-10T10:02:25","slug":"supporter","status":"publish","type":"page","link":"https:\/\/www.tirolergluat.at\/?page_id=57","title":{"rendered":"Supporter"},"content":{"rendered":"\n<p>oder auch unterst\u00fctzende Mitglieder sind Menschen, Firmen oder Organisationen denen die Themen gesunde Ern\u00e4hrung, Lebensmittel, Nachhaltigkeit und Regionalit\u00e4t sowie die Zubereitung, vor allem am Grill und Smoker,  am Herzen liegen. <\/p>\n\n\n\n<p>Durch einen Jahresbeitrag von derzeit \u20ac 50,&#8211; gibt es folgende Benefits:<\/p>\n\n\n\n<ul class=\"wp-block-list\"><li>10 % Rabatt auf Buchungen in der Grillschule &#8222;Gourmetgrillen&#8220;<\/li><li>im 1. Jahr ein Poloshirt mit unserem Logo<\/li><li>einmal j\u00e4hrlich (Ende April\/Mai\/Anfang Juni) Einladung zu einer kostenlosen Grillerei<\/li><li>Teilnahme am &#8222;FLEISCH-HUANGART&#8220;<\/li><li>eventuell organisierte Supporter Reisen (Betriebsbesichtungen)<\/li><li>Zeitschrift &#8222;Grillzeit&#8220; der AMA<\/li><li>Einladung als Gastjuror bei den Trainings zu Meisterschaften<\/li><\/ul>\n\n\n\n<p>Wenn ihr uns unterst\u00fctzen m\u00f6chtet, k\u00f6nnt ihr hier die Beitrittserkl\u00e4rung runter laden, diese ausf\u00fcllen und uns per Email senden an:  gluat@tirolergluat.at &#8211; Vielen Dank!<\/p>\n\n\n\n<div class=\"wp-block-file\"><a href=\"https:\/\/www.tirolergluat.at\/wp-content\/uploads\/2021\/04\/Beitrittserklaerung-tiroler-gluat.docx\">Beitrittserkl\u00e4rung als Word Datei zum Ausf\u00fcllen:<\/a><a href=\"https:\/\/www.tirolergluat.at\/wp-content\/uploads\/2021\/04\/Beitrittserklaerung-tiroler-gluat.docx\" class=\"wp-block-file__button\" download>Herunterladen<\/a><\/div>\n\n\n\n<div class=\"wp-block-file\"><a href=\"https:\/\/www.tirolergluat.at\/wp-content\/uploads\/2021\/04\/Beitrittserklaerung-tiroler-gluat.pdf\">Beitrittserkl\u00e4rung als PDF:<\/a><a href=\"https:\/\/www.tirolergluat.at\/wp-content\/uploads\/2021\/04\/Beitrittserklaerung-tiroler-gluat.pdf\" class=\"wp-block-file__button\" download>Herunterladen<\/a><\/div>\n\n\n\n<div class=\"wp-block-group\"><div class=\"wp-block-group__inner-container is-layout-flow wp-block-group-is-layout-flow\">\n<div class=\"wp-block-file\"><a href=\"https:\/\/www.tirolergluat.at\/wp-content\/uploads\/2020\/06\/Statuteneinseitig.pdf\">Statuten: <\/a><a href=\"https:\/\/www.tirolergluat.at\/wp-content\/uploads\/2020\/06\/Statuteneinseitig.pdf\" class=\"wp-block-file__button\" download>Herunterladen<\/a><\/div>\n\n\n\n<figure class=\"wp-block-image\"><img loading=\"lazy\" decoding=\"async\" width=\"1500\" height=\"1000\" src=\"https:\/\/192.168.1.14\/wp-content\/uploads\/2020\/07\/992BE6CF-61AF-4DB9-ABEC-543BBEE69271.jpeg\" alt=\"\" class=\"wp-image-457\" srcset=\"https:\/\/www.tirolergluat.at\/wp-content\/uploads\/2020\/07\/992BE6CF-61AF-4DB9-ABEC-543BBEE69271.jpeg 1500w, https:\/\/www.tirolergluat.at\/wp-content\/uploads\/2020\/07\/992BE6CF-61AF-4DB9-ABEC-543BBEE69271-300x200.jpeg 300w, https:\/\/www.tirolergluat.at\/wp-content\/uploads\/2020\/07\/992BE6CF-61AF-4DB9-ABEC-543BBEE69271-1024x683.jpeg 1024w, https:\/\/www.tirolergluat.at\/wp-content\/uploads\/2020\/07\/992BE6CF-61AF-4DB9-ABEC-543BBEE69271-768x512.jpeg 768w\" sizes=\"auto, (max-width: 1500px) 100vw, 1500px\" \/><\/figure>\n<\/div><\/div>\n\n\n\n<p>Die ersten Supporterinnen!<\/p>\n","protected":false},"excerpt":{"rendered":"<p>oder auch unterst\u00fctzende Mitglieder sind Menschen, Firmen oder Organisationen denen die Themen gesunde Ern\u00e4hrung, Lebensmittel, Nachhaltigkeit und Regionalit\u00e4t sowie die Zubereitung, vor allem am Grill<\/p>\n<p><a href=\"https:\/\/www.tirolergluat.at\/?page_id=57\" class=\"more-link\">weiterlesen &#8230;<span class=\"screen-reader-text\">Supporter<\/span><\/a><\/p>\n","protected":false},"author":2,"featured_media":1149,"parent":0,"menu_order":0,"comment_status":"closed","ping_status":"closed","template":"","meta":{"_price":"","_stock":"","_tribe_ticket_header":"","_tribe_default_ticket_provider":"","_tribe_ticket_capacity":"0","_ticket_start_date":"","_ticket_end_date":"","_tribe_ticket_show_description":"","_tribe_ticket_show_not_going":false,"_tribe_ticket_use_global_stock":"","_tribe_ticket_global_stock_level":"","_global_stock_mode":"","_global_stock_cap":"","_tribe_rsvp_for_event":"","_tribe_ticket_going_count":"","_tribe_ticket_not_going_count":"","_tribe_tickets_list":"[]","_tribe_ticket_has_attendee_info_fields":false,"_EventAllDay":false,"_EventTimezone":"","_EventStartDate":"","_EventEndDate":"","_EventStartDateUTC":"","_EventEndDateUTC":"","_EventShowMap":false,"_EventShowMapLink":false,"_EventURL":"","_EventCost":"","_EventCostDescription":"","_EventCurrencySymbol":"","_EventCurrencyCode":"","_EventCurrencyPosition":"","_EventDateTimeSeparator":"","_EventTimeRangeSeparator":"","_EventOrganizerID":[],"_EventVenueID":[],"_OrganizerEmail":"","_OrganizerPhone":"","_OrganizerWebsite":"","_VenueAddress":"","_VenueCity":"","_VenueCountry":"","_VenueProvince":"","_VenueState":"","_VenueZip":"","_VenuePhone":"","_VenueURL":"","_VenueStateProvince":"","_VenueLat":"","_VenueLng":"","_VenueShowMap":false,"_VenueShowMapLink":false,"footnotes":"","_tec_slr_enabled":"","_tec_slr_layout":""},"class_list":["post-57","page","type-page","status-publish","has-post-thumbnail","hentry"],"jetpack_sharing_enabled":true,"ticketed":false,"_links":{"self":[{"href":"https:\/\/www.tirolergluat.at\/index.php?rest_route=\/wp\/v2\/pages\/57","targetHints":{"allow":["GET"]}}],"collection":[{"href":"https:\/\/www.tirolergluat.at\/index.php?rest_route=\/wp\/v2\/pages"}],"about":[{"href":"https:\/\/www.tirolergluat.at\/index.php?rest_route=\/wp\/v2\/types\/page"}],"author":[{"embeddable":true,"href":"https:\/\/www.tirolergluat.at\/index.php?rest_route=\/wp\/v2\/users\/2"}],"replies":[{"embeddable":true,"href":"https:\/\/www.tirolergluat.at\/index.php?rest_route=%2Fwp%2Fv2%2Fcomments&post=57"}],"version-history":[{"count":0,"href":"https:\/\/www.tirolergluat.at\/index.php?rest_route=\/wp\/v2\/pages\/57\/revisions"}],"wp:featuredmedia":[{"embeddable":true,"href":"https:\/\/www.tirolergluat.at\/index.php?rest_route=\/wp\/v2\/media\/1149"}],"wp:attachment":[{"href":"https:\/\/www.tirolergluat.at\/index.php?rest_route=%2Fwp%2Fv2%2Fmedia&parent=57"}],"curies":[{"name":"wp","href":"https:\/\/api.w.org\/{rel}","templated":true}]}}